 q. List the prime factors of v.
2, 3
Suppose 5*x - 7*x = 0. Suppose -3*g + 147 + 624 = x. List the prime factors of g.
257
Suppose -t = 4*z - 9824, -394*t + 392*t + 4*z = -19684. List the prime factors of t.
2, 2459
Let f(q) = -2*q**2 + 16*q - 4. Let z be f(9). What are the prime factors of (696/z)/(-2) + (-14)/(-77)?
2
Let r(t) = 327*t**3 - 5*t**2 + 3*t - 1. Let v be r(1). Let y = 48 - 9. Suppose 3*w + y - v = 0. List the prime factors of w.
5, 19
Let v be (164/64*4)/((-1)/(-4)). Suppose 0 = 44*k - v*k - 456. Suppose a - d - 4*d = k, 0 = 2*a - d - 304. List the prime factors of a.
2, 19
Let o = -17702 - -27034. List the prime factors of o.
2, 2333
Let i(h) = 5*h + 45. Let j be i(6). Let f = -71 + j. Suppose 8 = -2*m, 5*a + m - 782 = f*m. List the prime factors of a.
2, 7, 11
Let a = 73 - 68. Suppose -s = -0*b + 4*b - 173, -a*b = -5*s + 940. What are the prime factors of s?
5, 37
Suppose -q + 4615 = 4*f - 2096, 0 = -5*f + 25. List the prime factors of q.
6691
Suppose 166429 = 129*y - 109631. What are the prime factors of y?
2, 5, 107
Suppose 2 = -2*q + 2*w, 6 - 1 = 2*q + 5*w. Suppose q = -9*p + 15*p + 804. Let g = -24 - p. List the prime factors of g.
2, 5, 11
List the prime factors of (22 - 21)/((-5)/(-16295 - 0)).
3259
Suppose -14313 - 28035 = -6*z. List the prime factors of z.
2, 3529
Suppose -4*d + 21*b - 23*b = -91036, -2*d = -3*b - 45502. What are the prime factors of d?
7, 3251
Suppose 2*w + u + 3 + 1 = 0, -5 = -w + 3*u. Let h be (-10*(2 + w))/(2/(-57)). List the prime factors of 3/6 - h/(-6).
2, 3
Let l(w) = -4*w**2 + 1198*w + 17. What are the prime factors of l(13)?
5, 19, 157
Suppose -43*t + 44*t - 55 = 0. Let z = t - -241. What are the prime factors of z?
2, 37
Let p = 2382 - -49303. List the prime factors of p.
5, 10337
Suppose 7*t - 20*s = -24*s + 104245, 0 = 5*t - 3*s - 74490. What are the prime factors of t?
3, 5, 331
Let i be (-1 - -8)*1*2/2. Suppose i*a = 12*a - 4075. What are the prime factors of a?
5, 163
Let n(a) be the second derivative of -3*a**5/10 + a**4/4 + a**3/2 - 2*a**2 + 3*a + 36. What are the prime factors of n(-5)?
2, 13, 31
Let h = 2401 + 4425. What are the prime factors of h?
2, 3413
Suppose 5*l + 44*f - 47*f - 16739 = 0, 3*l = -2*f + 10051. List the prime factors of l.
17, 197
Let h = 3007 + 8908. List the prime factors of h.
5, 2383
Let r(s) = 382*s - 4609. List the prime factors of r(32).
5, 1523
Let y = 13162 - 9551. What are the prime factors of y?
23, 157
Let r(y) = 44*y + 22. Suppose 0 = -4*q - 4, 0*o - 5*q - 7 = -o. Suppose -5*z + 0*z + 15 = -5*p, 0 = -o*z + p + 8. List the prime factors of r(z).
2, 11
What are the prime factors of 1535*4/(-1 + (-18)/(-6))?
2, 5, 307
Suppose -5*f + 8 = -f, 5*h = -5*f + 20. Suppose 0 = 10*j + h*j - 2028. What are the prime factors of j?
13
Suppose -13 + 5 = -4*t. Suppose 4*n = -5*m + 367, 5*m - 4*n + t*n - 349 = 0. Suppose -76*u + m*u + 1060 = 0. List the prime factors of u.
2, 53
Let t = -2077 - 1400. Let r = t - -4877. List the prime factors of r.
2, 5, 7
Let v(k) = -2*k**2 - 28*k + 5. Suppose -34 = 2*z + 4*p, -3 - 2 = 5*p. Let j be v(z). Let u = 16 - j. List the prime factors of u.
41
Let o be 30 + ((-5)/(-2))/((-15)/30). Suppose -o*b - 4002 = -31*b. What are the prime factors of b?
23, 29
List the prime factors of (-3922272)/(-135) + (4004/60)/13 + -5.
2, 73, 199
Suppose 0 = -20*j - 22*j + 482916. List the prime factors of j.
2, 5749
Suppose 2*n + 3*a - 2683 = n, a + 4 = 0. What are the prime factors of n?
5, 7, 11
Let p = -35 + 38. Let v(b) = 26*b**2 - 11*b - 1. What are the prime factors of v(p)?
2, 5
Let w(f) = 3*f - 50. Let o be w(17). What are the prime factors of (o + 0)*(6 + 17)?
23
Suppose 0 = 2*j - 3*g + 55 + 74, -2*j - 5*g = 137. Let r = j + 155. List the prime factors of r.
89
Let x = 21 + -15. Suppose -x*y = y - 2310. Suppose 0 = -2*h + 3*j + 168 + 69, y = 3*h + 4*j. What are the prime factors of h?
2, 3, 19
Suppose -s + 5 - 3 = 0. Suppose 0 = -2*r + 5*u - 424, r - 2*u + 64 + 148 = 0. List the prime factors of r*(-1)/s + 2.
2, 3
Suppose -v = 5*m - 59205, 752*m - 59205 = -v + 756*m. List the prime factors of v.
3, 5, 3947
Let u = 99 - 21. Suppose 0*a = -2*a + u. Suppose -7*o + 3*o - b = -34, -a = -5*o - 3*b. List the prime factors of o.
3
Suppose -6*q + 4*q = -p + 109, q + p = -62. Let g = q + 57. Suppose g = 5*a - 63 - 412. List the prime factors of a.
5, 19
Let o = 298 - 294. Suppose o*t - 5856 = -2*k, -17*t + 7330 = -12*t + 5*k. List the prime factors of t.
2, 17, 43
List the prime factors of (2 - (-25182)/(-12))*-2*(-3)/(-3).
7, 599
Let f = -1940 + 5504. Suppose 12*v = -0*v + f. What are the prime factors of v?
3, 11
Let h = -431 + 434. Let u be 1 - (-6)/(4/2). Suppose u*n + 763 = 5*j - 0*j, h*n = -j + 145. List the prime factors of j.
151
Suppose 16*s - 5 = 15*s. Suppose q + 420 = -2*q - 3*t, s*t + 559 = -4*q. Let i = 211 + q. List the prime factors of i.
2, 5, 7
Suppose -92*a = -69*a - 38203. What are the prime factors of a?
11, 151
What are the prime factors of (-19110)/9*(-225)/50?
3, 5, 7, 13
Let f(j) = -j**2 - 4*j + 2. Let y be f(1). Let c = y + 414. List the prime factors of c.
3, 137
Suppose 3*p = -3*p + 12. Suppose 5*g - d = -514, -d + 2 = -2. Let n = p - g. What are the prime factors of n?
2, 13
Let w be (-14 - 4) + -2 + -1. Let m = w - -134. List the prime factors of m.
113
Let l(z) = -3*z. Let q be l(-1). Let s(f) = -9 + f**3 - 9*f**3 + f**q + 10*f**2 + 6*f**3. What are the prime factors of s(7)?
2, 3, 23
Let s(h) = -25*h**2 + 7*h - 1. Suppose -4*d + 47 = 35. Let y be s(d). Let i = -65 - y. What are the prime factors of i?
2, 5, 7
Let u = 41166 - 12853. What are the prime factors of u?
23, 1231
List the prime factors of 767/(-59) + 4510 + -1.
2, 281
Suppose 112*s = 114*s - 340. Let m = -50 + s. List the prime factors of m.
2, 3, 5
Let w(l) = l**3 + 7*l**2 + 4*l - 9. Let d be w(-6). Suppose 36 - 45 = d*o. Let t(s) = 2*s**2 - 3*s + 1. List the prime factors of t(o).
2, 7
Suppose -20*s - 57750 = -27*s. What are the prime factors of s?
2, 3, 5, 11
What are the prime factors of ((-88)/20 + 5)/(4/(1 - -47859))?
3, 2393
Suppose -4*q = -3*n + 116673, -2*n + 25*q + 77759 = 30*q. What are the prime factors of n?
37, 1051
Suppose 4*g = -3*q - 11, 4*g + 4 = 3*q - 1. Let j be (-5)/(-1 - g) + -1*2. Let f(v) = v**2 - 2*v - 5. What are the prime factors of f(j)?
2, 29
Suppose 22*m - 42*m = -3*m - 82229. What are the prime factors of m?
7, 691
Suppose -u + 3*x + 32 = 120, -251 = 3*u + 4*x. Let z = u - -230. List the prime factors of z.
5, 29
Let g(m) = -4*m + 48. Let s be g(11). Suppose -s*f = -8*f + 8. Suppose -2*o = 5*x - 40, f*x + 0*o + 5 = -5*o. List the prime factors of x.
2, 5
Let j be 23/(-46)*128/((-4)/2). Suppose 0 = 5*t - 3*t - 34. List the prime factors of (j*2/6)/(t/51).
2
Suppose 9*y - 12 = 6*y. Suppose -o + 528 = 21*u - 22*u, -4*u = y. What are the prime factors of o?
17, 31
What are the prime factors of ((-70)/(-20))/((-23)/(-85238))?
7, 17, 109
Let c(f) = 2*f**3 - 8*f**2 + 9*f + 4. Let k be c(4). Suppose -2*p + 78 = k. Suppose -p*l = -25*l + 276. What are the prime factors of l?
2, 23
Let w = 12 + 1. Let z = -511 - -523. Suppose z*h = w*h - 58. What are the prime factors of h?
2, 29
Let k(w) = w**3 - 260790 - 2*w**3 - 51*w - 9*w**2 + 260768. List the prime factors of k(-10).
2, 3, 7
Suppose -55*j - 20225 = -61*j + 517. What are the prime factors of j?
3457
Let n = 74102 + -44941. List the prime factors of n.
11, 241
Let w = -286 - -285. List the prime factors of (-2 + (w - -375))*2/2.
2, 3, 31
Let m = -455 + 454. What are the prime factors of m*-489*(-8)/(-12)?
2, 163
Let b = 979 - -8313. List the prime factors of b.
2, 23, 101
Suppose l = 4*a - 127887 - 50889, -a = 2*l - 44676. List the prime factors of a.
2, 11173
Let h be 3 + 45/12 + (-3)/4. List the prime factors of -1 + (h/3 - (-1 + -863)).
5, 173
Let b = 39 - 39. Let n(h) = h**3 - h**2 - 5*h + 468. List the prime factors of n(b).
2, 3, 13
Suppose s - 23392 = 3*n - 5907, 3*n + 52491 = 3*s. What are the prime factors of s?
23, 761
List the prime factors of (-146738)/(-20) + 3666/260 + -14.
11, 23, 29
Suppose -2*x = 4*p - 16096, -3*p - 26920 - 13268 = -5*x. Suppose 30*f - x = 22*f. List the prime factors of f.
3, 5, 67
List the prime factors of 24*11/165 - 70957/(-5).
3, 19, 83
Let 